 = -173 + 26. Let b be (-2)/5 + 37/5. What is the greatest common divisor of b and p?
7
Let d(p) = -p**2 + 19*p - 44. Let l be d(15). What is the greatest common factor of 40 and l?
8
Suppose -2*p - 28 = c, -2*p - 34 = -c - c. Let a be 6/(-4)*(1 + 1). Let w = a - p. Calculate the greatest common divisor of 132 and w.
12
Let t(b) = -2*b**3 - 3*b**2 + 4*b. Let s be t(-3). Let o be ((-6)/(-7))/(1/(-14)). Let w = -6 - o. What is the highest common divisor of s and w?
3
Suppose -25 = t - 5. Let h be (-16)/t*15/2. What is the highest common factor of 6 and h?
6
Suppose 0 = g + 3*a - 31 + 11, -2*g - 3*a = -28. Calculate the highest common factor of g and 20.
4
Suppose 2*k + 33 = 7*k + o, -2*o - 25 = -3*k. Let r(z) = 4*z**3 - 3*z**2 - 3*z - 2. Let h be r(3). What is the highest common divisor of k and h?
7
Let q be (-2)/((10/(-7))/5). Let i be q*(0 + (-30)/(-7)). Let h be (-181)/(-4) - (-1)/(-4). What is the greatest common divisor of i and h?
15
Let d = -11 - -8. Let h(w) = -16*w. Let f be h(d). Calculate the greatest common factor of f and 16.
16
Let r be ((-45)/4)/((-1 + 0)/4). Calculate the greatest common divisor of r and 15.
15
Let t(r) = -1 - 3*r**2 - 2*r + 6*r + 2*r**2. Let q be t(2). Calculate the greatest common factor of q and 3.
3
Suppose -x = -3*o + 3*x + 56, 4*o = 5*x + 75. Suppose q + 2*u + 6 = 0, 0*q + 40 = 5*q - 4*u. Calculate the highest common divisor of o and q.
4
Let y = 4 - 4. Suppose y*j = -2*j + 24. Let d = -5 - -13. What is the highest common divisor of d and j?
4
Suppose 5 = -5*o - r + 6*r, 3*r - 15 = 0. Suppose -o*i = -0*i - 520. What is the highest common factor of i and 52?
26
Let k(n) = n**3 + 6*n**2 - 6*n + 9. Let x be k(-7). Let z(j) = -3 + 3*j - 2 + x*j. Let y be z(5). What is the highest common factor of 5 and y?
5
Suppose 16 = a - 32. Suppose -p = -2*p + a. What is the highest common factor of 24 and p?
24
Let g = 13 - -1. What is the highest common divisor of g and 42?
14
Let w = -9 + 14. Suppose -3 = -w*s + 7. What is the greatest common factor of 5 and s?
1
Suppose 7*n = 672 + 21. Calculate the highest common divisor of 11 and n.
11
Suppose -5*n = -n - 220. Suppose n = z + 4*z. Suppose z = 2*v - 1. Calculate the highest common factor of 9 and v.
3
Suppose 52 = 4*t - 92. Calculate the highest common factor of t and 24.
12
Suppose w = -2*w - 18. Let z(p) = -p**2 - 11*p - 8. Let r be z(w). What is the greatest common factor of 11 and r?
11
Suppose 11*n + 580 = 21*n. What is the greatest common divisor of n and 58?
58
Let u be 1/(-4)*6*-2. Let w be 9/(-3) + 1 - -47. Let q = -12 + w. Calculate the highest common divisor of q and u.
3
Suppose 0 = -5*p + 8*p - 84. Calculate the highest common divisor of p and 12.
4
Suppose -3*x = 5*a - 5*x - 726, 0 = -4*a - x + 573. Suppose 96 = 5*m - 2*c, 3*m + c - 39 = -4*c. What is the greatest common factor of m and a?
18
Let i = 10 - 0. What is the greatest common divisor of 110 and i?
10
Let s = 7 + -13. Let v be (-70)/s - (-2)/(-3). Suppose -3*g + v + 4 = 0. What is the highest common factor of 25 and g?
5
Let k = -4 - -59. Let c = -87 + 60. Let v = 49 + c. Calculate the highest common divisor of k and v.
11
Suppose 3*d - 7 = 2. Suppose -2*g = d*g - 15. Suppose 3*a = -8*p + g*p + 56, a = -3*p + 36. What is the highest common divisor of 117 and p?
13
Let t be (-149)/2*(1 + 1). Let w = t + 289. Suppose 2*k + k - u - 76 = 0, -u = 5*k - w. Calculate the highest common divisor of k and 3.
3
Let o be 128 + 4 + 2 + -6. What is the greatest common divisor of 16 and o?
16
Suppose -n + 0*n = -34. Calculate the highest common divisor of 170 and n.
34
Suppose 2*a + f - 2 = -2*a, a - 4*f = 9. What is the highest common factor of 4 and a?
1
Let r = -26 - -29. What is the greatest common divisor of 3 and r?
3
Let c = -41 - -69. What is the greatest common divisor of 7 and c?
7
Suppose 0*i = 5*i - 200. Let a(h) = -h**2 + 6*h + 5. Let l be a(6). Calculate the greatest common divisor of l and i.
5
Let v(n) = 2*n**3 - 4*n**2 - 3*n - 8. Let u be v(4). Calculate the highest common factor of 132 and u.
44
Let j(w) = -w**3 + 2*w**2 - 2*w - 4. Let i be j(3). Let f = i + 34. What is the highest common divisor of f and 10?
5
Let l be (-4)/14 - 2160/(-63) - 2. Calculate the greatest common factor of l and 16.
16
Suppose -5*y + 35 = -2*x, -2*x = 2*y + 2*x + 10. Suppose -4*l + 5*u = 3 - 30, 0 = -y*l + u + 60. What is the highest common divisor of 65 and l?
13
Let i be (102/8)/((-9)/24). Let p = 45 + i. Suppose 4*c - 2*c = 66. Calculate the highest common factor of p and c.
11
Let q = -61 + 117. Suppose 16 = -3*m + 40. What is the highest common divisor of m and q?
8
Suppose -p = 2*p - 15. Suppose 2*b = -u + 94, 0 = -5*u + p*b - b + 484. Calculate the highest common factor of u and 24.
24
Let o be (-26)/(-6) + 4/(-12). Suppose 0*q - 3 = -2*q + 3*i, o*q - 1 = i. Suppose r - 3*r + 18 = q. What is the highest common divisor of r and 72?
9
Let r(y) = 3*y + 59. Let o be r(-11). What is the greatest common divisor of 26 and o?
26
Suppose 1 = w - 2. Suppose -w*m = -i - i - 19, 4*m - 12 = -4*i. Calculate the highest common factor of m and 5.
5
Let f(i) = -i**2 - 14*i + 8. Let g be f(-12). Let o be (-5)/(-2)*g/20. Calculate the highest common divisor of o and 16.
4
Suppose -4*s = -20 - 36. Let b = 403 + -278. Let a = b - 83. Calculate the highest common factor of s and a.
14
Let v(h) be the second derivative of 23*h**3/6 - h**2/2 - h. Let w be v(1). Suppose -5*y + 6*y - 55 = 0. Calculate the greatest common factor of w and y.
11
Let b(d) = -5*d + 2. Let j be b(2). Let l = -4 - j. Suppose -l*p = p - 180. Calculate the highest common divisor of 4 and p.
4
Suppose 4*n - 157 = 3*b, 5*b + 8 = 2*n - 67. What is the highest common factor of 10 and n?
10
Let g be (-4912)/(-64) - (-1)/4. What is the highest common divisor of g and 7?
7
Suppose -16 + 46 = 5*a. Let i = -13 + 31. What is the greatest common factor of i and a?
6
Suppose -2*p + 4*p = 4, -3*p = 5*o - 486. What is the greatest common factor of 12 and o?
12
Let p be (-50)/(-15)*(-6)/(-4). Suppose -3*k = 3*z - 2*z - 31, 0 = -5*k - p*z + 65. What is the greatest common factor of k and 9?
9
Let v be 5/((-10)/(-58)) + -1*1. What is the highest common divisor of v and 252?
28
Suppose 2*y - 42 = 70. Suppose -6*i + 43 + 5 = 0. Calculate the greatest common factor of y and i.
8
Suppose 3*k - k = 5*y + 43, -k - 3*y + 16 = 0. What is the highest common divisor of 95 and k?
19
Let t(p) = -p**2 - 2*p - 6. Let l be t(8). Let c = -29 - l. Calculate the highest common divisor of c and 19.
19
Let s be (-3 - -1)/((-2)/7). Suppose 0 = 30*q - 38*q + 616. Calculate the greatest common divisor of q and s.
7
Suppose -j - 5*c + 9 = 2*j, -3*c + 12 = 4*j. Let p = -23 + 30. Suppose -2*f = -5*g + 18, f + 3*g - 5*g = -p. Calculate the highest common divisor of j and f.
1
Let v(g) = -12*g**2 + 3*g**2 + 2*g**3 + 4*g**3 - 4 - 5*g**3 - 6*g. Let i be v(10). Calculate the greatest common divisor of i and 24.
12
Suppose 2*l = 9 - 3, -5*g - 3*l + 259 = 0. Suppose 12 = d - 4*m, 3*d - 2*m + 5*m - 66 = 0. Calculate the greatest common divisor of d and g.
10
Let f = -147 - -318. Let r(g) = 13*g - 2. Let z be r(3). Suppose -20 - z = -3*h. What is the highest common divisor of f and h?
19
Let g(d) = -4*d + 3. Let c be g(-3). Let s be ((-8)/(-3))/(5/c). What is the highest common divisor of 88 and s?
8
Suppose -4 = -k - 0. Suppose -20 = -k*z - 5*b + 84, 5*z - 85 = 5*b. Calculate the highest common divisor of z and 14.
7
Let j(x) = x**2 - 3*x. Let a be j(-3). Suppose -o - 30 = -t + 4*o, -t + a = -2*o. Calculate the highest common divisor of t and 30.
10
Suppose v - 104 = -3*v. Calculate the greatest common divisor of v and 65.
13
Suppose 2*p - g = 35, -4*p + 69 = -3*g - 0*g. What is the highest common factor of 144 and p?
18
Let n(q) = q**3 + 5*q**2 - 2*q - 6. Let d be n(-5). Suppose d*h = -2*h + 174. Calculate the greatest common divisor of h and 87.
29
Let a = 8 + -5. Let p(v) = v**3 + 7*v**2 + 6*v. Let r be p(-6). Suppose 4*z - 60 = -r*y - 4*y, -54 = -5*z + 2*y. What is the greatest common factor of z and a?
3
Suppose 0*k - 91 = -3*k - 2*i, 0 = 2*i + 8. Suppose -k = -2*v - v + 3*s, 4*v + s = 49. Suppose -2*o = 3*o - 60. What is the greatest common factor of o and v?
12
Suppose -5*d + 85 = 5*f + 5, -2*f =